t) = 1353*t - 29922. Determine q(19).
-4215
Let i(y) = -8*y**2 + 403. Calculate i(-7).
11
Let m(l) = -l**3 - 148*l**2 + 176*l + 3285. Give m(-149).
-738
Let v(q) = -q**3 - 60*q**2 + 217*q + 1762. Determine v(-63).
-2
Let p(j) = -2*j**2 - 217*j - 1642. Calculate p(-11).
503
Let o(p) = 79*p**3 - 4343*p**2 - 113*p + 167. Calculate o(55).
2
Let w(x) = 3*x**2 - 413*x - 4242. Calculate w(-10).
188
Let g(f) = -f**3 + f**2 + 760*f - 5009. Determine g(7).
17
Let c(o) = o**3 - o**2 + 24*o + 64. Give c(-5).
-206
Let m(k) = -186*k**2 - 192*k + 562. What is m(3)?
-1688
Let r(s) = -2*s**3 - 325*s**2 + 74*s - 13. What is r(0)?
-13
Let a(t) = 6*t**2 - 721*t + 19903. Determine a(43).
-6
Let h(o) = 40*o**2 + 375*o + 96. Give h(-9).
-39
Let c(w) = -7692*w - 2461431. Determine c(-320).
9
Let s(h) = h**3 - 158*h**2 - 553*h - 15396. Determine s(162).
-6
Let j(b) = b**3 + 8*b**2 + 269*b + 1852. What is j(-7)?
18
Let k(d) = -3*d**2 + 310*d + 32. Determine k(108).
-1480
Let z(h) = 5*h**2 - 85*h - 104. Determine z(22).
446
Let j(i) = 94*i - 2020. Give j(21).
-46
Let v(u) = u**2 - 9842*u - 1676. Determine v(0).
-1676
Let o(c) = -32967*c + 296203. What is o(9)?
-500
Let h(l) = 255*l + 6900. Give h(-29).
-495
Let s(d) = -d**2 + 2388*d + 33629. Calculate s(-14).
1
Let g(a) = a**3 + 771*a**2 - 5455*a + 45. Determine g(7).
-18
Let j(p) = 59218*p + 3493855. What is j(-59)?
-7
Let v(r) = r**3 + 140*r**2 - 181*r - 5794. What is v(-141)?
-154
Let j(m) = -4264*m - 1590490. Determine j(-373).
-18
Let p(n) = n**3 + 86*n**2 - 1578*n + 867. Determine p(15).
-78
Let v(a) = 166*a**2 - 846*a - 4. Determine v(6).
896
Let n(h) = -68839*h - 206011. Give n(-3).
506
Let t(d) = d**3 + 64*d**2 + 804*d + 561. Determine t(-49).
-2820
Let d(o) = -5085247*o + 30511478. What is d(6)?
-4
Let y(u) = 27036*u - 162054. Give y(6).
162
Let a(f) = -9112*f - 3991054. Determine a(-438).
2
Let c(r) = -486*r - 78964. Determine c(-176).
6572
Let n(u) = -u**2 - 39*u + 4818. Give n(52).
86
Let n(s) = 4*s**2 + 116*s - 939. What is n(7)?
69
Let f(i) = -87580*i + 4729316. Calculate f(54).
-4
Let m(j) = j**2 + 112*j + 924. Calculate m(-9).
-3
Let h(j) = -2*j**3 + 1069*j**2 - 60167*j - 3649. Calculate h(64).
-1
Let n(y) = -2*y**3 + 331*y**2 - 204*y + 62375. What is n(166)?
955
Let c(l) = -231*l + 54747. Give c(236).
231
Let d(r) = r**2 - 429*r + 10681. Calculate d(28).
-547
Let b(y) = 5221*y + 224518. Give b(-43).
15
Let m(n) = n**3 - 19*n**2 - 51*n + 23. What is m(0)?
23
Let h(f) = -6241*f - 262111. Give h(-42).
11
Let q(s) = 181*s + 50098. Determine q(-277).
-39
Let v(a) = 147*a - 20973. Calculate v(149).
930
Let c(n) = 5*n**2 + 6*n - 40. Calculate c(0).
-40
Let h(s) = -274*s**2 - 1617*s + 24743. Determine h(7).
-2
Let l(y) = 3*y**2 - 698*y + 11599. Calculate l(18).
7
Let f(o) = -3292353*o + 23046465. What is f(7)?
-6
Let d(o) = -28016*o - 2213308. Calculate d(-79).
-44
Let v(d) = -69*d**2 + 313*d - 38. Give v(7).
-1228
Let k(a) = -11*a**2 + 1234*a + 6233. Determine k(-5).
-212
Let a(m) = -3*m**2 - 312*m - 165. Determine a(-103).
144
Let r(a) = -9733*a + 9761. What is r(1)?
28
Let t(s) = 104240*s - 833911. Calculate t(8).
9
Let q(l) = 17*l + 1021. What is q(14)?
1259
Let i(s) = s**3 + 19*s**2 + 869*s + 16540. Give i(-19).
29
Let m(q) = -q**3 - 19*q**2 + 12*q + 968. Determine m(-16).
8
Let m(f) = -f**3 + 18*f**2 - 8*f + 9. What is m(-8)?
1737
Let o(w) = -w**3 + 87*w**2 + 5458*w + 1664. Determine o(-42).
-16
Let k(t) = -116*t**2 + 1938*t + 198. Calculate k(17).
-380
Let i(u) = -2*u**2 + 3456*u + 304410. What is i(-84)?
-6
Let a(h) = -2*h**3 - 38*h**2 + 154*h - 672. Determine a(-23).
18
Let n(r) = -r**3 + 46*r**2 + 25811*r + 103976. What is n(187)?
4
Let l(g) = 6*g**3 + 17*g**2 - 553*g + 1045. What is l(2)?
55
Let f(u) = 34434*u - 550886. What is f(16)?
58
Let b(d) = 5*d**3 + 34*d**2 + 597*d + 4222. Calculate b(-7).
-6
Let a(m) = -m**2 - 269*m + 77091. What is a(174)?
9
Let c(w) = -1467*w + 74824. Calculate c(51).
7
Let n(h) = -970*h**2 - 56*h + 3. What is n(-1)?
-911
Let x(l) = -l**3 - 43*l**2 - 443*l - 249. Determine x(-15).
96
Let b(z) = -z**3 + 81*z**2 - 630*z - 100. Determine b(10).
700
Let f(w) = -w**3 - 3576*w**2 - 317130*w + 452. Give f(-91).
-3
Let y(x) = -433*x - 12636. Calculate y(-29).
-79
Let r(u) = -4*u**2 - 307*u - 2450. Calculate r(-9).
-11
Let k(w) = w**2 - 291*w + 6994. What is k(27)?
-134
Let i(v) = 8*v**2 - 23*v + 306. Give i(6).
456
Let j(t) = -41305*t**2 + 1858723*t + 95. What is j(45)?
5
Let p(v) = 26*v**3 - 337*v**2 - 1288*v + 16605. What is p(13)?
30
Let n(o) = 328*o**3 - 23*o**2 + 53*o + 1. Calculate n(2).
2639
Let l(u) = -u**2 + 90*u - 1709. What is l(26)?
-45
Let p(g) = 2*g**3 + 179*g**2 - 24*g - 10066. Give p(-89).
-9
Let r(m) = -7*m**2 + 270*m + 1967. Determine r(-7).
-266
Let c(d) = 55*d - 2841. Give c(47).
-256
Let v(z) = -22*z - 3038. Calculate v(-42).
-2114
Let u(f) = -6*f**2 - 317*f + 1992. What is u(6)?
-126
Let x(g) = -23625*g - 118121. Calculate x(-5).
4
Let f(c) = -c**3 + 183*c**2 - 4954*c + 600. Determine f(150).
0
Let t(u) = -140*u**2 + 409*u + 1551. What is t(-4)?
-2325
Let b(v) = -3*v**3 - 128*v**2 + 168*v - 592. What is b(-44)?
-240
Let d(k) = -8*k**2 - 1314*k - 7864. What is d(-6)?
-268
Let c(x) = -x**2 - 383*x + 22630. Determine c(52).
10
Let j(k) = 4033*k + 48592. Calculate j(-12).
196
Let g(o) = -88*o + 764. Calculate g(0).
764
Let w(s) = -116*s**3 - 395*s**2 + 405*s - 10. Give w(1).
-116
Let o(l) = 2*l**3 + 61*l**2 - 239*l - 57. Give o(-34).
-23
Let v(l) = -49147*l - 5553623. Determine v(-113).
-12
Let v(x) = x**2 - 495*x - 34841. Give v(-63).
313
Let w(k) = -2*k**2 + 10930*k - 76505. Determine w(7).
-93
Let f(j) = j**2 - 130*j + 1067. Give f(10).
-133
Let w(c) = 2026*c - 56892. What is w(28)?
-164
Let b(c) = -c**2 - 146*c + 42651. Give b(146).
19
Let q(s) = -221929*s - 1775427. Calculate q(-8).
5
Let b(o) = 2*o**3 + 5*o**2 - 2*o - 344. Determine b(-6).
-584
Let s(a) = 23*a**2 - 1427*a + 7108. Give s(5).
548
Let z(v) = 3*v**2 - 131*v - 1092. Calculate z(51).
30
Let c(m) = -4*m**2 + 1032*m + 36945. Calculate c(-33).
-1467
Let i(y) = -101014*y + 1. Determine i(0).
1
Let z(k) = -k**3 - 177*k**2 - 1328*k + 30916. Calculate z(-168).
4
Let u(z) = -46*z**2 + 4798*z + 3365. What is u(105)?
5
Let h(z) = 5*z**3 - 2*z**2 + 100*z - 94. Calculate h(0).
-94
Let w(j) = 5*j**3 + 7*j**2 - 93*j + 57. Calculate w(6).
831
Let g(u) = 284*u - 59647. What is g(214)?
1129
Let o(g) = 35543*g + 142796. Give o(-4).
624
Let k(n) = n**2 + 1207*n + 131328. What is k(-121)?
-78
Let h(p) = -1580*p - 26863. What is h(-17)?
-3
Let k(r) = -5103*r - 443966. Give k(-87).
-5
Let n(f) = -f**3 + 71*f**2 - 855*f + 694. Calculate n(56).
-146
Let i(s) = 4*s**2 - 81*s - 1182. Calculate i(-11).
193
Let f(y) = -y**2 + 113*y + 7625. What is f(-53)?
-1173
Let q(k) = 88*k**2 - 97*k + 8. Determine q(1).
-1
Let j(w) = 4219*w - 206777. Determine j(49).
-46
Let j(v) = 2*v**3 - 352*v**2 + 699*v - 521. Give j(174).
1
Let p(u) = -4*u**3 - 64*u**2 + 24*u - 841. Calculate p(-17).
-93
Let b(k) = 1610916*k - 24163743. Give b(15).
-3
Let r(v) = -229*v + 19551. Give r(87).
-372
Let i(o) = -2408*o - 29147. What is i(-12)?
-251
Let h(r) = -12*r**2 + 110*r - 577. What is h(22)?
-3965
Let d(q) = -q**3 + 45*q**2 - 452*q + 806. Give d(15).
776
Let v(m) = -2*m**2 + 89*m - 463. Determine v(6).
-1
Let y(x) = 74*x - 5130. What is y(40)?
-2170
Let h(g) = -g**3 - 475*g**2 + 5348*g - 20. What is h(11)?
2
Let d(h) = -9*h**2 - 474*h - 2064. What is d(-47)?
333
Let d(w) = -6*w**2 - 718*w - 4265. Determine d(-6).
-173
Let z(s) = 2*s**3 - 1486*s**2 - 13527*s + 81. Determine z(-9).
0
Let r(i) = -162*i**2 - 85*i + 167. Give r(2).
-651
Let a(y) = -65*y**3 - 83*y**2 + 145*y + 5. Calculate a(1).
2
Let u(a) = -a**3 - 31*a**2 + 40*a + 364. Give u(-32).
108
Let v(w) = 2*w**3 - 31*w**2 + 6*w + 173. What is v(16)?
525
Let q(h) = 3286*h**2 + 23044*h + 6. Calculate q(-7).
-288
Let u(k) = 141442*k + 2121626. Give u(-15).
-4
Let z(b) = b**3 + 94*b**2 - 1643*b - 57. What is z(15)?
-177
Let r(c) = c**2 - 599*c - 562311. Determine r(-508).
45
Let l(p) = 4*p**2 + 136*p + 1019. What is l(-6)?
347
Let b(i) = 10*i**2 + 969*i - 9561. Give b(9).
-30
Let o(n) = 57280*n - 343679. Give o(6).
1
Let g(z) = z**3 - 18*z**2 + 22*z + 55. What is g(14)?
-421
Let f(l) = -l**3 